re the prime factors of 477339447?
3, 13, 17, 23, 1361
List the prime factors of 1575431605.
5, 11, 2609, 10979
List the prime factors of 435175899.
3, 145058633
What are the prime factors of 345060968?
2, 7, 17, 362459
List the prime factors of 109778197.
17, 41, 239, 659
What are the prime factors of 4030019345?
5, 11, 6661189
What are the prime factors of 1226107306?
2, 613053653
List the prime factors of 88962513.
3, 17, 1744363
What are the prime factors of 7117228952?
2, 29, 131, 234181
List the prime factors of 1490392797.
3, 31, 516959
List the prime factors of 334854997.
334854997
What are the prime factors of 3789502776?
2, 3, 17, 3095999
List the prime factors of 16020162.
2, 3, 83, 10723
What are the prime factors of 2565586232?
2, 11, 2650399
List the prime factors of 208661896.
2, 26082737
List the prime factors of 13684688.
2, 855293
List the prime factors of 118051425.
3, 5, 97, 601
What are the prime factors of 1958667324?
2, 3, 163222277
List the prime factors of 1128235378.
2, 67, 89, 94603
What are the prime factors of 576629505?
3, 5, 12813989
What are the prime factors of 1208260211?
911, 1326301
What are the prime factors of 67430278?
2, 19, 29, 43, 1423
List the prime factors of 2196901815.
3, 5, 29, 5050349
What are the prime factors of 1361477792?
2, 42546181
What are the prime factors of 306740084?
2, 7, 10955003
List the prime factors of 18843550.
2, 5, 11, 34261
List the prime factors of 3729390557.
3729390557
What are the prime factors of 55057439?
55057439
What are the prime factors of 1398413124?
2, 3, 38844809
What are the prime factors of 19579713?
3, 6526571
List the prime factors of 26151177.
3, 13, 670543
List the prime factors of 32708349.
3, 3634261
List the prime factors of 110921941.
13, 8532457
What are the prime factors of 364844430?
2, 3, 5, 1217, 3331
List the prime factors of 3220499479.
139, 23169061
What are the prime factors of 641459809?
67, 449, 21323
What are the prime factors of 20404333?
211, 96703
List the prime factors of 5434496286.
2, 3, 37, 24479713
What are the prime factors of 2048652498?
2, 3, 4519, 75557
What are the prime factors of 1319197343?
31, 59, 721267
List the prime factors of 732444915.
3, 5, 17, 2872333
List the prime factors of 7998726.
2, 3, 1333121
List the prime factors of 400878273.
3, 53, 59, 151, 283
List the prime factors of 178499196.
2, 3, 4958311
List the prime factors of 5718676721.
29, 197195749
What are the prime factors of 167964795?
3, 5, 3732551
List the prime factors of 294297068.
2, 13, 5659559
List the prime factors of 19008347.
269, 70663
List the prime factors of 976477710.
2, 3, 5, 13, 193, 12973
List the prime factors of 801433775.
5, 19, 839, 2011
What are the prime factors of 3013891635?
3, 5, 181, 1110089
List the prime factors of 4944381.
3, 13, 97, 1307
What are the prime factors of 1073070511?
19163, 55997
What are the prime factors of 159180166?
2, 6959, 11437
List the prime factors of 549815217.
3, 7, 19, 1377983
List the prime factors of 147459909.
3, 1093, 44971
What are the prime factors of 29927231?
4783, 6257
List the prime factors of 1341178263.
3, 17, 2921957
What are the prime factors of 1042822790?
2, 5, 19, 83, 89, 743
List the prime factors of 4447003807.
677, 6568691
List the prime factors of 2413161937.
19, 47, 2702309
What are the prime factors of 208472395?
5, 347, 120157
What are the prime factors of 5231603119?
5231603119
List the prime factors of 40672080.
2, 3, 5, 56489
What are the prime factors of 194330476?
2, 48582619
List the prime factors of 6254114526.
2, 3, 11, 101, 312737
What are the prime factors of 875108537?
875108537
List the prime factors of 174294763.
829, 210247
What are the prime factors of 1189011484?
2, 17, 29, 602947
List the prime factors of 6310930.
2, 5, 167, 3779
List the prime factors of 1448314666.
2, 239, 3029947
What are the prime factors of 93964459?
8419, 11161
What are the prime factors of 4262628523?
4262628523
List the prime factors of 288158250.
2, 3, 5, 41, 9371
List the prime factors of 3025423.
3025423
List the prime factors of 43388191.
7, 11, 19, 47, 631
What are the prime factors of 6778156523?
967, 7009469
What are the prime factors of 592548600?
2, 3, 5, 7, 17, 43, 193
What are the prime factors of 5820782?
2, 11, 264581
What are the prime factors of 522803231?
47, 467, 23819
What are the prime factors of 48312145?
5, 7, 41, 131, 257
What are the prime factors of 753013952?
2, 353, 33331
List the prime factors of 35551750.
2, 5, 13, 10939
List the prime factors of 450904868.
2, 557, 202381
What are the prime factors of 246079098?
2, 3, 1129, 12109
List the prime factors of 842810795.
5, 31, 239, 22751
What are the prime factors of 831654409?
79, 1571, 6701
List the prime factors of 64288268.
2, 11, 43, 3089
What are the prime factors of 26714175?
3, 5, 131, 2719
What are the prime factors of 1520878782?
2, 3, 43, 157, 37547
What are the prime factors of 1504457152?
2, 11, 53, 61, 661
List the prime factors of 522340456.
2, 11, 1531, 3877
List the prime factors of 1248430205.
5, 11, 2063521
List the prime factors of 8784234.
2, 3, 162671
List the prime factors of 31223645.
5, 17, 101, 3637
What are the prime factors of 3942150?
2, 3, 5, 41, 641
What are the prime factors of 2418673167?
3, 29, 89, 104123
What are the prime factors of 1052838949?
1052838949
What are the prime factors of 4987143718?
2, 2493571859
What are the prime factors of 68517932?
2, 7, 37, 66137
What are the prime factors of 222037924?
2, 103, 538927
List the prime factors of 493544707.
29, 31, 179, 3067
List the prime factors of 181228603.
103, 181, 9721
What are the prime factors of 46116104?
2, 17, 23, 641
What are the prime factors of 657427897?
7, 331, 283741
What are the prime factors of 4451669185?
5, 3463, 257099
List the prime factors of 964221177.
3, 19, 131, 139, 929
List the prime factors of 71064485.
5, 2161, 6577
What are the prime factors of 368652536?
2, 7, 163, 40387
List the prime factors of 3009915221.
977, 1259, 2447
List the prime factors of 15927265.
5, 3185453
List the prime factors of 3130168467.
3, 101, 601, 17189
List the prime factors of 4630925877.
3, 1543641959
What are the prime factors of 7516245670?
2, 5, 23, 3761, 8689
List the prime factors of 281345356.
2, 29, 2425391
List the prime factors of 46654519.
19, 73, 33637
List the prime factors of 14607076.
2, 11, 31, 10709
List the prime factors of 97108404.
2, 3, 71, 293, 389
What are the prime factors of 55038360?
2, 3, 5, 13, 35281
What are the prime factors of 1200264491?
193, 6218987
List the prime factors of 421688721.
3, 83, 1693529
List the prime factors of 12956856.
2, 3, 11, 17, 2887
List the prime factors of 226605505.
5, 7, 31, 73, 2861
List the prime factors of 169719385.
5, 11, 61, 50587
What are the prime factors of 46680326?
2, 7, 11, 303119
What are the prime factors of 314030383?
314030383
What are the prime factors of 189764814?
2, 3, 73, 433253
What are the prime factors of 271431821?
199, 1363979
List the prime factors of 103468027.
13, 29, 274451
List the prime factors of 3335609.
29, 115021
What are the prime factors of 30054460?
2, 5, 1502723
List the prime factors of 177133333.
13, 19, 717139
List the prime factors of 670153149.
3, 2467, 10061
List the prime factors of 74175572.
2, 18543893
List the prime factors of 71958747.
3, 7, 37, 2503
List the prime factors of 197135690.
2, 5, 3001, 6569
What are the prime factors of 335854445?
5, 227, 499, 593
List the prime factors of 884613491.
59, 211, 71059
What are the prime factors of 834817693?
29, 31, 928607
What are the prime factors of 1248140767?
1248140767
List the prime factors of 250955423.
37, 6782579
What are the prime factors of 4400997057?
3, 31, 149, 1307
What are the prime factors of 48949921?
48949921
List the prime factors of 1813229563.
139, 719, 18143
List the prime factors of 3662905382.
2, 379, 4832329
List the prime factors of 13800503.
13800503
List the prime factors of 230276195.
5, 5749, 8011
What are the prime factors of 448653260?
2, 5, 11, 71, 28723
What are the prime factors of 43111865?
5, 8622373
What are the prime factors of 2855872163?
2855872163
List the prime factors of 3455212259.
9643, 358313
List the prime factors of 